{"id":443,"date":"2021-09-30T14:24:39","date_gmt":"2021-09-30T14:24:39","guid":{"rendered":"https:\/\/www.liciniosmendes.com\/novo\/?page_id=443"},"modified":"2021-09-30T14:35:34","modified_gmt":"2021-09-30T14:35:34","slug":"tester-chromatic-by-dyrup-tinta-para-interior-e-exterior","status":"publish","type":"page","link":"https:\/\/www.liciniosmendes.com\/?page_id=443","title":{"rendered":"TESTER CHROMATIC BY DYRUP &#8211; TINTA PARA INTERIOR E EXTERIOR"},"content":{"rendered":"<p>[et_pb_section fb_built=&#8221;1&#8243; admin_label=&#8221;Header&#8221; _builder_version=&#8221;3.22&#8243;][et_pb_row column_structure=&#8221;1_2,1_2&#8243; _builder_version=&#8221;3.25&#8243; max_width=&#8221;1280px&#8221; custom_padding=&#8221;27px|0px|0|0px|false|false&#8221; use_custom_width=&#8221;on&#8221; custom_width_px=&#8221;1280px&#8221; locked=&#8221;off&#8221;][et_pb_column type=&#8221;1_2&#8243; _builder_version=&#8221;3.25&#8243; custom_padding=&#8221;|||&#8221; custom_padding__hover=&#8221;|||&#8221;][et_pb_text _builder_version=&#8221;4.6.1&#8243; text_font=&#8221;||||||||&#8221; header_font=&#8221;Montserrat|300|||||||&#8221; header_font_size=&#8221;70px&#8221; header_line_height=&#8221;1.3em&#8221; header_4_font=&#8221;Montserrat|500||on|||||&#8221; header_4_text_color=&#8221;#ef6f49&#8243; header_4_font_size=&#8221;11px&#8221; header_4_letter_spacing=&#8221;3px&#8221; header_font_size_tablet=&#8221;50px&#8221; header_font_size_phone=&#8221;40px&#8221; header_font_size_last_edited=&#8221;on|phone&#8221; locked=&#8221;off&#8221;]<\/p>\n<h2>TESTER CHROMATIC BY DYRUP &#8211;<br \/> TINTA PARA INTERIOR E EXTERIOR<\/h2>\n<p>[\/et_pb_text][et_pb_text _builder_version=&#8221;4.6.1&#8243; text_font=&#8221;||||||||&#8221; text_font_size=&#8221;16px&#8221; text_line_height=&#8221;2.2em&#8221;]<\/p>\n<p style=\"text-align: justify;\">Tester Chromatic \u00e9 uma tinta pl\u00e1stica mate indicada para testar as cores Chromatic em ambiente real, antes de tomar uma decis\u00e3o. Os nossos testers s\u00e3o a forma mais simples e eficaz de perceber qual o melhor tom para a sua divis\u00e3o.<\/p>\n<p style=\"text-align: justify;\">Tester Chromatic \u00e9 uma tinta acr\u00edlica mate, que permite que possa efetuar um teste de cor em ambiente real antes da realiza\u00e7\u00e3o da compra. Pode ser usada tanto no interior como no exterior, garantindo uma excelente cobertura e reten\u00e7\u00e3o da cor, os nossos testers permitem-lhe pintar uma superf\u00edcie padr\u00e3o, observar a evolu\u00e7\u00e3o das cores durante o dia em fun\u00e7\u00e3o da luminosidade e da claridade do seu espa\u00e7o e finalizar a sua escolha com toda a tranquilidade antes de avan\u00e7ar.<\/p>\n<p>[\/et_pb_text][\/et_pb_column][et_pb_column type=&#8221;1_2&#8243; _builder_version=&#8221;3.25&#8243; custom_padding=&#8221;|||&#8221; custom_padding__hover=&#8221;|||&#8221;][et_pb_image src=&#8221;https:\/\/www.liciniosmendes.com\/novo\/wp-content\/uploads\/2021\/09\/Tinta-de-interior-tester-chromatic.png&#8221; align_tablet=&#8221;center&#8221; align_phone=&#8221;&#8221; align_last_edited=&#8221;on|desktop&#8221; _builder_version=&#8221;4.6.1&#8243;][\/et_pb_image][\/et_pb_column][\/et_pb_row][et_pb_row column_structure=&#8221;1_4,1_4,1_4,1_4&#8243; _builder_version=&#8221;3.25&#8243;][et_pb_column type=&#8221;1_4&#8243; _builder_version=&#8221;3.25&#8243; custom_padding=&#8221;|||&#8221; custom_padding__hover=&#8221;|||&#8221;][et_pb_text _builder_version=&#8221;3.27.4&#8243; text_font=&#8221;||||||||&#8221; text_font_size=&#8221;15px&#8221; text_line_height=&#8221;2.2em&#8221; header_font=&#8221;||||||||&#8221; header_3_font=&#8221;Montserrat|600||on|||||&#8221; header_3_font_size=&#8221;12px&#8221; header_3_letter_spacing=&#8221;1px&#8221; header_3_line_height=&#8221;1.8em&#8221; custom_margin=&#8221;30px||50px||false&#8221; locked=&#8221;off&#8221; header_font_size__hover=&#8221;30px&#8221; header_2_font_size__hover=&#8221;26px&#8221; header_3_font_size__hover=&#8221;22px&#8221; header_4_font_size__hover=&#8221;18px&#8221; header_5_font_size__hover=&#8221;16px&#8221; header_6_font_size__hover=&#8221;14px&#8221; header_font_size__hover_enabled=&#8221;30px&#8221; header_2_font_size__hover_enabled=&#8221;26px&#8221; header_3_font_size__hover_enabled=&#8221;22px&#8221; header_4_font_size__hover_enabled=&#8221;18px&#8221; header_5_font_size__hover_enabled=&#8221;16px&#8221; header_6_font_size__hover_enabled=&#8221;14px&#8221; header_letter_spacing__hover=&#8221;0px&#8221; header_2_letter_spacing__hover=&#8221;0px&#8221; header_3_letter_spacing__hover=&#8221;0px&#8221; header_4_letter_spacing__hover=&#8221;0px&#8221; header_5_letter_spacing__hover=&#8221;0px&#8221; header_6_letter_spacing__hover=&#8221;0px&#8221; header_letter_spacing__hover_enabled=&#8221;0px&#8221; header_2_letter_spacing__hover_enabled=&#8221;0px&#8221; header_3_letter_spacing__hover_enabled=&#8221;0px&#8221; header_4_letter_spacing__hover_enabled=&#8221;0px&#8221; header_5_letter_spacing__hover_enabled=&#8221;0px&#8221; header_6_letter_spacing__hover_enabled=&#8221;0px&#8221; header_2_line_height__hover=&#8221;1em&#8221; header_3_line_height__hover=&#8221;1em&#8221; header_4_line_height__hover=&#8221;1em&#8221; header_5_line_height__hover=&#8221;1em&#8221; header_6_line_height__hover=&#8221;1em&#8221; header_2_line_height__hover_enabled=&#8221;1em&#8221; header_3_line_height__hover_enabled=&#8221;1em&#8221; header_4_line_height__hover_enabled=&#8221;1em&#8221; header_5_line_height__hover_enabled=&#8221;1em&#8221; header_6_line_height__hover_enabled=&#8221;1em&#8221; header_text_shadow_style__hover=&#8221;none&#8221; header_2_text_shadow_style__hover=&#8221;none&#8221; header_3_text_shadow_style__hover=&#8221;none&#8221; header_4_text_shadow_style__hover=&#8221;none&#8221; header_5_text_shadow_style__hover=&#8221;none&#8221; header_6_text_shadow_style__hover=&#8221;none&#8221; header_text_shadow_style__hover_enabled=&#8221;none&#8221; header_2_text_shadow_style__hover_enabled=&#8221;none&#8221; header_3_text_shadow_style__hover_enabled=&#8221;none&#8221; header_4_text_shadow_style__hover_enabled=&#8221;none&#8221; header_5_text_shadow_style__hover_enabled=&#8221;none&#8221; header_6_text_shadow_style__hover_enabled=&#8221;none&#8221; header_text_shadow_color__hover=&#8221;rgba(0,0,0,0.4)&#8221; header_2_text_shadow_color__hover=&#8221;rgba(0,0,0,0.4)&#8221; header_3_text_shadow_color__hover=&#8221;rgba(0,0,0,0.4)&#8221; header_4_text_shadow_color__hover=&#8221;rgba(0,0,0,0.4)&#8221; header_5_text_shadow_color__hover=&#8221;rgba(0,0,0,0.4)&#8221; header_6_text_shadow_color__hover=&#8221;rgba(0,0,0,0.4)&#8221; header_text_shadow_color__hover_enabled=&#8221;rgba(0,0,0,0.4)&#8221; header_2_text_shadow_color__hover_enabled=&#8221;rgba(0,0,0,0.4)&#8221; header_3_text_shadow_color__hover_enabled=&#8221;rgba(0,0,0,0.4)&#8221; header_4_text_shadow_color__hover_enabled=&#8221;rgba(0,0,0,0.4)&#8221; header_5_text_shadow_color__hover_enabled=&#8221;rgba(0,0,0,0.4)&#8221; header_6_text_shadow_color__hover_enabled=&#8221;rgba(0,0,0,0.4)&#8221;]<\/p>\n<h3>CAPACIDADE<\/h3>\n<p>0,5L<\/p>\n<p>[\/et_pb_text][\/et_pb_column][et_pb_column type=&#8221;1_4&#8243; _builder_version=&#8221;3.25&#8243; custom_padding=&#8221;|||&#8221; custom_padding__hover=&#8221;|||&#8221;][et_pb_text _builder_version=&#8221;3.27.4&#8243; text_font=&#8221;||||||||&#8221; text_font_size=&#8221;15px&#8221; text_line_height=&#8221;2.2em&#8221; header_font=&#8221;||||||||&#8221; header_3_font=&#8221;Montserrat|600||on|||||&#8221; header_3_font_size=&#8221;12px&#8221; header_3_letter_spacing=&#8221;1px&#8221; header_3_line_height=&#8221;1.8em&#8221; custom_margin=&#8221;30px||50px||false&#8221; locked=&#8221;off&#8221; header_font_size__hover=&#8221;30px&#8221; header_2_font_size__hover=&#8221;26px&#8221; header_3_font_size__hover=&#8221;22px&#8221; header_4_font_size__hover=&#8221;18px&#8221; header_5_font_size__hover=&#8221;16px&#8221; header_6_font_size__hover=&#8221;14px&#8221; header_font_size__hover_enabled=&#8221;30px&#8221; header_2_font_size__hover_enabled=&#8221;26px&#8221; header_3_font_size__hover_enabled=&#8221;22px&#8221; header_4_font_size__hover_enabled=&#8221;18px&#8221; header_5_font_size__hover_enabled=&#8221;16px&#8221; header_6_font_size__hover_enabled=&#8221;14px&#8221; header_letter_spacing__hover=&#8221;0px&#8221; header_2_letter_spacing__hover=&#8221;0px&#8221; header_3_letter_spacing__hover=&#8221;0px&#8221; header_4_letter_spacing__hover=&#8221;0px&#8221; header_5_letter_spacing__hover=&#8221;0px&#8221; header_6_letter_spacing__hover=&#8221;0px&#8221; header_letter_spacing__hover_enabled=&#8221;0px&#8221; header_2_letter_spacing__hover_enabled=&#8221;0px&#8221; header_3_letter_spacing__hover_enabled=&#8221;0px&#8221; header_4_letter_spacing__hover_enabled=&#8221;0px&#8221; header_5_letter_spacing__hover_enabled=&#8221;0px&#8221; header_6_letter_spacing__hover_enabled=&#8221;0px&#8221; header_2_line_height__hover=&#8221;1em&#8221; header_3_line_height__hover=&#8221;1em&#8221; header_4_line_height__hover=&#8221;1em&#8221; header_5_line_height__hover=&#8221;1em&#8221; header_6_line_height__hover=&#8221;1em&#8221; header_2_line_height__hover_enabled=&#8221;1em&#8221; header_3_line_height__hover_enabled=&#8221;1em&#8221; header_4_line_height__hover_enabled=&#8221;1em&#8221; header_5_line_height__hover_enabled=&#8221;1em&#8221; header_6_line_height__hover_enabled=&#8221;1em&#8221; header_text_shadow_style__hover=&#8221;none&#8221; header_2_text_shadow_style__hover=&#8221;none&#8221; header_3_text_shadow_style__hover=&#8221;none&#8221; header_4_text_shadow_style__hover=&#8221;none&#8221; header_5_text_shadow_style__hover=&#8221;none&#8221; header_6_text_shadow_style__hover=&#8221;none&#8221; header_text_shadow_style__hover_enabled=&#8221;none&#8221; header_2_text_shadow_style__hover_enabled=&#8221;none&#8221; header_3_text_shadow_style__hover_enabled=&#8221;none&#8221; header_4_text_shadow_style__hover_enabled=&#8221;none&#8221; header_5_text_shadow_style__hover_enabled=&#8221;none&#8221; header_6_text_shadow_style__hover_enabled=&#8221;none&#8221; header_text_shadow_color__hover=&#8221;rgba(0,0,0,0.4)&#8221; header_2_text_shadow_color__hover=&#8221;rgba(0,0,0,0.4)&#8221; header_3_text_shadow_color__hover=&#8221;rgba(0,0,0,0.4)&#8221; header_4_text_shadow_color__hover=&#8221;rgba(0,0,0,0.4)&#8221; header_5_text_shadow_color__hover=&#8221;rgba(0,0,0,0.4)&#8221; header_6_text_shadow_color__hover=&#8221;rgba(0,0,0,0.4)&#8221; header_text_shadow_color__hover_enabled=&#8221;rgba(0,0,0,0.4)&#8221; header_2_text_shadow_color__hover_enabled=&#8221;rgba(0,0,0,0.4)&#8221; header_3_text_shadow_color__hover_enabled=&#8221;rgba(0,0,0,0.4)&#8221; header_4_text_shadow_color__hover_enabled=&#8221;rgba(0,0,0,0.4)&#8221; header_5_text_shadow_color__hover_enabled=&#8221;rgba(0,0,0,0.4)&#8221; header_6_text_shadow_color__hover_enabled=&#8221;rgba(0,0,0,0.4)&#8221;]<\/p>\n<h3>BRILHO<\/h3>\n<p>Mate<\/p>\n<p>[\/et_pb_text][\/et_pb_column][et_pb_column type=&#8221;1_4&#8243; _builder_version=&#8221;3.25&#8243; custom_padding=&#8221;|||&#8221; custom_padding__hover=&#8221;|||&#8221;][et_pb_text _builder_version=&#8221;4.6.1&#8243; text_font=&#8221;||||||||&#8221; text_font_size=&#8221;15px&#8221; text_line_height=&#8221;2.2em&#8221; header_font=&#8221;||||||||&#8221; header_3_font=&#8221;Montserrat|600||on|||||&#8221; header_3_font_size=&#8221;12px&#8221; header_3_letter_spacing=&#8221;1px&#8221; header_3_line_height=&#8221;1.8em&#8221; custom_margin=&#8221;30px||50px||false&#8221; locked=&#8221;off&#8221; header_font_size__hover=&#8221;30px&#8221; header_2_font_size__hover=&#8221;26px&#8221; header_3_font_size__hover=&#8221;22px&#8221; header_4_font_size__hover=&#8221;18px&#8221; header_5_font_size__hover=&#8221;16px&#8221; header_6_font_size__hover=&#8221;14px&#8221; header_font_size__hover_enabled=&#8221;30px&#8221; header_2_font_size__hover_enabled=&#8221;26px&#8221; header_3_font_size__hover_enabled=&#8221;22px&#8221; header_4_font_size__hover_enabled=&#8221;18px&#8221; header_5_font_size__hover_enabled=&#8221;16px&#8221; header_6_font_size__hover_enabled=&#8221;14px&#8221; header_letter_spacing__hover=&#8221;0px&#8221; header_2_letter_spacing__hover=&#8221;0px&#8221; header_3_letter_spacing__hover=&#8221;0px&#8221; header_4_letter_spacing__hover=&#8221;0px&#8221; header_5_letter_spacing__hover=&#8221;0px&#8221; header_6_letter_spacing__hover=&#8221;0px&#8221; header_letter_spacing__hover_enabled=&#8221;0px&#8221; header_2_letter_spacing__hover_enabled=&#8221;0px&#8221; header_3_letter_spacing__hover_enabled=&#8221;0px&#8221; header_4_letter_spacing__hover_enabled=&#8221;0px&#8221; header_5_letter_spacing__hover_enabled=&#8221;0px&#8221; header_6_letter_spacing__hover_enabled=&#8221;0px&#8221; header_2_line_height__hover=&#8221;1em&#8221; header_3_line_height__hover=&#8221;1em&#8221; header_4_line_height__hover=&#8221;1em&#8221; header_5_line_height__hover=&#8221;1em&#8221; header_6_line_height__hover=&#8221;1em&#8221; header_2_line_height__hover_enabled=&#8221;1em&#8221; header_3_line_height__hover_enabled=&#8221;1em&#8221; header_4_line_height__hover_enabled=&#8221;1em&#8221; header_5_line_height__hover_enabled=&#8221;1em&#8221; header_6_line_height__hover_enabled=&#8221;1em&#8221; header_text_shadow_style__hover=&#8221;none&#8221; header_2_text_shadow_style__hover=&#8221;none&#8221; header_3_text_shadow_style__hover=&#8221;none&#8221; header_4_text_shadow_style__hover=&#8221;none&#8221; header_5_text_shadow_style__hover=&#8221;none&#8221; header_6_text_shadow_style__hover=&#8221;none&#8221; header_text_shadow_style__hover_enabled=&#8221;none&#8221; header_2_text_shadow_style__hover_enabled=&#8221;none&#8221; header_3_text_shadow_style__hover_enabled=&#8221;none&#8221; header_4_text_shadow_style__hover_enabled=&#8221;none&#8221; header_5_text_shadow_style__hover_enabled=&#8221;none&#8221; header_6_text_shadow_style__hover_enabled=&#8221;none&#8221; header_text_shadow_color__hover=&#8221;rgba(0,0,0,0.4)&#8221; header_2_text_shadow_color__hover=&#8221;rgba(0,0,0,0.4)&#8221; header_3_text_shadow_color__hover=&#8221;rgba(0,0,0,0.4)&#8221; header_4_text_shadow_color__hover=&#8221;rgba(0,0,0,0.4)&#8221; header_5_text_shadow_color__hover=&#8221;rgba(0,0,0,0.4)&#8221; header_6_text_shadow_color__hover=&#8221;rgba(0,0,0,0.4)&#8221; header_text_shadow_color__hover_enabled=&#8221;rgba(0,0,0,0.4)&#8221; header_2_text_shadow_color__hover_enabled=&#8221;rgba(0,0,0,0.4)&#8221; header_3_text_shadow_color__hover_enabled=&#8221;rgba(0,0,0,0.4)&#8221; header_4_text_shadow_color__hover_enabled=&#8221;rgba(0,0,0,0.4)&#8221; header_5_text_shadow_color__hover_enabled=&#8221;rgba(0,0,0,0.4)&#8221; header_6_text_shadow_color__hover_enabled=&#8221;rgba(0,0,0,0.4)&#8221;]<\/p>\n<h3>Ficha T\u00e9cnica<\/h3>\n<p>Tinta pl\u00e1stica de interior\/exterior para tester de cor do cat\u00e1logo CHROMATIC, formulada com base em emuls\u00e3o de copol\u00edmeros acr\u00edlicos e pigmenta\u00e7\u00e3o selecionada.<\/p>\n<p><a href=\"https:\/\/www.liciniosmendes.com\/novo\/wp-content\/uploads\/2021\/09\/Ficha-tecnica_Tester-Chromatic.pdf\">Ver Mais<\/a><\/p>\n<p>[\/et_pb_text][\/et_pb_column][et_pb_column type=&#8221;1_4&#8243; _builder_version=&#8221;3.25&#8243; custom_padding=&#8221;|||&#8221; custom_padding__hover=&#8221;|||&#8221;][et_pb_text _builder_version=&#8221;4.6.1&#8243; text_font=&#8221;||||||||&#8221; text_font_size=&#8221;15px&#8221; text_line_height=&#8221;2.2em&#8221; header_font=&#8221;||||||||&#8221; header_3_font=&#8221;Montserrat|600||on|||||&#8221; header_3_font_size=&#8221;12px&#8221; header_3_letter_spacing=&#8221;1px&#8221; header_3_line_height=&#8221;1.8em&#8221; custom_margin=&#8221;30px||50px||false&#8221; locked=&#8221;off&#8221; header_font_size__hover=&#8221;30px&#8221; header_2_font_size__hover=&#8221;26px&#8221; header_3_font_size__hover=&#8221;22px&#8221; header_4_font_size__hover=&#8221;18px&#8221; header_5_font_size__hover=&#8221;16px&#8221; header_6_font_size__hover=&#8221;14px&#8221; header_font_size__hover_enabled=&#8221;30px&#8221; header_2_font_size__hover_enabled=&#8221;26px&#8221; header_3_font_size__hover_enabled=&#8221;22px&#8221; header_4_font_size__hover_enabled=&#8221;18px&#8221; header_5_font_size__hover_enabled=&#8221;16px&#8221; header_6_font_size__hover_enabled=&#8221;14px&#8221; header_letter_spacing__hover=&#8221;0px&#8221; header_2_letter_spacing__hover=&#8221;0px&#8221; header_3_letter_spacing__hover=&#8221;0px&#8221; header_4_letter_spacing__hover=&#8221;0px&#8221; header_5_letter_spacing__hover=&#8221;0px&#8221; header_6_letter_spacing__hover=&#8221;0px&#8221; header_letter_spacing__hover_enabled=&#8221;0px&#8221; header_2_letter_spacing__hover_enabled=&#8221;0px&#8221; header_3_letter_spacing__hover_enabled=&#8221;0px&#8221; header_4_letter_spacing__hover_enabled=&#8221;0px&#8221; header_5_letter_spacing__hover_enabled=&#8221;0px&#8221; header_6_letter_spacing__hover_enabled=&#8221;0px&#8221; header_2_line_height__hover=&#8221;1em&#8221; header_3_line_height__hover=&#8221;1em&#8221; header_4_line_height__hover=&#8221;1em&#8221; header_5_line_height__hover=&#8221;1em&#8221; header_6_line_height__hover=&#8221;1em&#8221; header_2_line_height__hover_enabled=&#8221;1em&#8221; header_3_line_height__hover_enabled=&#8221;1em&#8221; header_4_line_height__hover_enabled=&#8221;1em&#8221; header_5_line_height__hover_enabled=&#8221;1em&#8221; header_6_line_height__hover_enabled=&#8221;1em&#8221; header_text_shadow_style__hover=&#8221;none&#8221; header_2_text_shadow_style__hover=&#8221;none&#8221; header_3_text_shadow_style__hover=&#8221;none&#8221; header_4_text_shadow_style__hover=&#8221;none&#8221; header_5_text_shadow_style__hover=&#8221;none&#8221; header_6_text_shadow_style__hover=&#8221;none&#8221; header_text_shadow_style__hover_enabled=&#8221;none&#8221; header_2_text_shadow_style__hover_enabled=&#8221;none&#8221; header_3_text_shadow_style__hover_enabled=&#8221;none&#8221; header_4_text_shadow_style__hover_enabled=&#8221;none&#8221; header_5_text_shadow_style__hover_enabled=&#8221;none&#8221; header_6_text_shadow_style__hover_enabled=&#8221;none&#8221; header_text_shadow_color__hover=&#8221;rgba(0,0,0,0.4)&#8221; header_2_text_shadow_color__hover=&#8221;rgba(0,0,0,0.4)&#8221; header_3_text_shadow_color__hover=&#8221;rgba(0,0,0,0.4)&#8221; header_4_text_shadow_color__hover=&#8221;rgba(0,0,0,0.4)&#8221; header_5_text_shadow_color__hover=&#8221;rgba(0,0,0,0.4)&#8221; header_6_text_shadow_color__hover=&#8221;rgba(0,0,0,0.4)&#8221; header_text_shadow_color__hover_enabled=&#8221;rgba(0,0,0,0.4)&#8221; header_2_text_shadow_color__hover_enabled=&#8221;rgba(0,0,0,0.4)&#8221; header_3_text_shadow_color__hover_enabled=&#8221;rgba(0,0,0,0.4)&#8221; header_4_text_shadow_color__hover_enabled=&#8221;rgba(0,0,0,0.4)&#8221; header_5_text_shadow_color__hover_enabled=&#8221;rgba(0,0,0,0.4)&#8221; header_6_text_shadow_color__hover_enabled=&#8221;rgba(0,0,0,0.4)&#8221;]<\/p>\n<h3>Ficha de Seguran\u00e7a<\/h3>\n<p>Tinta pl\u00e1stica de interior\/exterior para tester de cor do cat\u00e1logo CHROMATIC, formulada com base em emuls\u00e3o de copol\u00edmeros acr\u00edlicos e pigmenta\u00e7\u00e3o selecionada.<\/p>\n<p><a href=\"https:\/\/www.liciniosmendes.com\/novo\/wp-content\/uploads\/2021\/09\/documentSearchInnerFrame-1.pdf\">Ver Mais<\/a><\/p>\n<p>[\/et_pb_text][\/et_pb_column][\/et_pb_row][\/et_pb_section][et_pb_section fb_built=&#8221;1&#8243; _builder_version=&#8221;4.6.1&#8243; _module_preset=&#8221;default&#8221; inner_shadow=&#8221;on&#8221; hover_enabled=&#8221;0&#8243; sticky_enabled=&#8221;0&#8243;][et_pb_row _builder_version=&#8221;4.6.1&#8243; _module_preset=&#8221;default&#8221;][et_pb_column type=&#8221;4_4&#8243; _builder_version=&#8221;4.6.1&#8243; _module_preset=&#8221;default&#8221;][et_pb_text _builder_version=&#8221;4.6.1&#8243; text_font=&#8221;||||||||&#8221; header_font=&#8221;Montserrat|300|||||||&#8221; header_font_size=&#8221;70px&#8221; header_line_height=&#8221;1.3em&#8221; header_4_font=&#8221;Montserrat|500||on|||||&#8221; header_4_text_color=&#8221;#ef6f49&#8243; header_4_font_size=&#8221;11px&#8221; header_4_letter_spacing=&#8221;3px&#8221; header_font_size_tablet=&#8221;50px&#8221; header_font_size_phone=&#8221;40px&#8221; header_font_size_last_edited=&#8221;on|phone&#8221; locked=&#8221;off&#8221;]<\/p>\n<h2>Certifica\u00e7\u00f5es<\/h2>\n<p>[\/et_pb_text][\/et_pb_column][\/et_pb_row][et_pb_row column_structure=&#8221;1_3,2_3&#8243; _builder_version=&#8221;4.6.1&#8243; _module_preset=&#8221;default&#8221;][et_pb_column type=&#8221;1_3&#8243; _builder_version=&#8221;4.6.1&#8243; _module_preset=&#8221;default&#8221;][et_pb_image src=&#8221;https:\/\/www.liciniosmendes.com\/novo\/wp-content\/uploads\/2021\/09\/dyrumatic_cores-afinaveis_dyrup.png&#8221; _builder_version=&#8221;4.6.1&#8243; _module_preset=&#8221;default&#8221;][\/et_pb_image][\/et_pb_column][et_pb_column type=&#8221;2_3&#8243; _builder_version=&#8221;4.6.1&#8243; _module_preset=&#8221;default&#8221;][et_pb_text _builder_version=&#8221;4.6.1&#8243; _module_preset=&#8221;default&#8221;]<\/p>\n<h1 style=\"text-align: justify;\">Dyrumatic<\/h1>\n<p style=\"text-align: justify;\">A decora\u00e7\u00e3o de uma casa passa essencialmente pela nossa sele\u00e7\u00e3o de cores, texturadas e objetos que nos identifacam.<br \/>A PPG Dyrup desenvolveu um sistema de afina\u00e7\u00e3o de cores &#8211; DYRUMATIC &#8211; que permite, com a m\u00e1xima exatid\u00e3o, reproduzir a sua cor, nos diversos produtos do seu portf\u00f3lio, conferindo uma conjuga\u00e7\u00e3o de perfeita entre texturas para interior e exterior.<br \/>Dyrumatic j\u00e1 foi premiado com o PR\u00c9MIO CINCO ESTRELAS, como o sistema que permite afinar num s\u00f3 equipamento milhares de cores com a m\u00e1xima exatid\u00e3o, em todas as gamas de produtos: tintas, vernizes, esmaltes, protetores, entre outros, mesmo a partir de uma amostra real de cor.<\/p>\n<p style=\"text-align: justify;\">Com Dyrumatic, basta escolher a sua Cor.<\/p>\n<p>[\/et_pb_text][\/et_pb_column][\/et_pb_row][\/et_pb_section]<\/p>\n","protected":false},"excerpt":{"rendered":"<p>TESTER CHROMATIC BY DYRUP &#8211; TINTA PARA INTERIOR E EXTERIORTester Chromatic \u00e9 uma tinta pl\u00e1stica mate indicada para testar as cores Chromatic em ambiente real, antes de tomar uma decis\u00e3o. Os nossos testers s\u00e3o a forma mais simples e eficaz de perceber qual o melhor tom para a sua divis\u00e3o. Tester Chromatic \u00e9 uma tinta [&hellip;]<\/p>\n","protected":false},"author":2,"featured_media":0,"parent":0,"menu_order":0,"comment_status":"closed","ping_status":"closed","template":"","meta":{"_et_pb_use_builder":"on","_et_pb_old_content":"","_et_gb_content_width":"","footnotes":""},"class_list":["post-443","page","type-page","status-publish","hentry"],"_links":{"self":[{"href":"https:\/\/www.liciniosmendes.com\/index.php?rest_route=\/wp\/v2\/pages\/443","targetHints":{"allow":["GET"]}}],"collection":[{"href":"https:\/\/www.liciniosmendes.com\/index.php?rest_route=\/wp\/v2\/pages"}],"about":[{"href":"https:\/\/www.liciniosmendes.com\/index.php?rest_route=\/wp\/v2\/types\/page"}],"author":[{"embeddable":true,"href":"https:\/\/www.liciniosmendes.com\/index.php?rest_route=\/wp\/v2\/users\/2"}],"replies":[{"embeddable":true,"href":"https:\/\/www.liciniosmendes.com\/index.php?rest_route=%2Fwp%2Fv2%2Fcomments&post=443"}],"version-history":[{"count":7,"href":"https:\/\/www.liciniosmendes.com\/index.php?rest_route=\/wp\/v2\/pages\/443\/revisions"}],"predecessor-version":[{"id":461,"href":"https:\/\/www.liciniosmendes.com\/index.php?rest_route=\/wp\/v2\/pages\/443\/revisions\/461"}],"wp:attachment":[{"href":"https:\/\/www.liciniosmendes.com\/index.php?rest_route=%2Fwp%2Fv2%2Fmedia&parent=443"}],"curies":[{"name":"wp","href":"https:\/\/api.w.org\/{rel}","templated":true}]}}